 + 50, g*i + 70 = 4*o + 5. Suppose 2*x = o - 1. What is the units digit of x?
8
Let t(f) = 3*f - 6. Let v = 13 - 9. What is the units digit of t(v)?
6
Let n be (3 - (-4)/(-1))*2. Let x be n/2*(-1 - 2). Suppose 4*r + 33 = 5*p, -x*r - 9 = -3*p + p. What is the units digit of p?
9
Let w(n) = -n**3 + 6*n**2 + 7*n + 5. Suppose -3*h + 5*h = 3*p - 13, -2*p - 2*h + 22 = 0. Let j be w(p). Suppose -j = -z - 4*z. What is the units digit of z?
1
Let l = 5 + -3. Suppose 4*p = -2*n + 42, -p - l*n = -4*n - 8. What is the tens digit of p?
1
Let q(v) = v**2 + v - 2. Let d(k) = -3*k + 2*k + 2*k**2 + 1 - 3*k**2 + 0*k. Let g(m) = -2*d(m) - q(m). What is the tens digit of g(-4)?
1
Let c(w) = 15*w - 5. What is the units digit of c(2)?
5
Let q = -11 - -14. What is the units digit of 33 + 2*q/(-2)?
0
What is the hundreds digit of 24/(-204) - 3608/(-34)?
1
Suppose -f + 3 = 0, -2*v + f = 4*f - 41. Suppose b = 5*b - v. Suppose -b*x - 5 = -49. What is the units digit of x?
1
Suppose -3*y + 4 = -5. What is the tens digit of (y*4)/(1/1)?
1
Let t(c) = 2*c - 9 + 15 - c + 0*c. What is the units digit of t(7)?
3
Let v be (-3252)/(-72) - (-2)/(-12). What is the units digit of (v/(-20))/((-12)/32)?
6
Let n(w) be the third derivative of -w**6/120 - 7*w**5/60 - 5*w**4/24 + w**2. Let u be n(-6). Let b = 11 + u. What is the units digit of b?
5
Let h be (-1 - -1)/(3 - 2). Suppose 4*i - 58 = -2*t, h*t + 56 = 3*i + 4*t. What is the tens digit of i?
1
Suppose -6*t + 522 = -0*t. What is the tens digit of t?
8
Suppose 12 = -4*c + 52. Suppose 3 = 5*v + 4*h - 5, -5*h = -v - c. Suppose 5*w = -v*w + 20. What is the units digit of w?
4
Suppose 6*r - 2*r - 80 = 4*m, 5*r - m - 104 = 0. What is the units digit of r?
1
Let s be 15/(-25) + (-146)/(-10). Suppose -3*f - 27 = -4*x, -4*f + 3 = 3*x + s. What is the units digit of x?
3
Let u(i) = 4*i**2 + 7*i + 4. What is the units digit of u(4)?
6
Let o(t) = -t**3 - 2*t**2 + t + 69. What is the tens digit of o(0)?
6
Suppose -5*g = 8 - 28. Suppose 4*u - 2*u - g = 0. Suppose u*i - 4*i + 10 = 0. What is the units digit of i?
5
What is the tens digit of 5/((-120)/(-7683)) - (-1)/(-8)?
2
Let z(i) = i**2 - 9*i - 2. Suppose 0 = -4*v - 2*f + 7 + 29, -5*v + 71 = -4*f. What is the tens digit of z(v)?
2
Let q = -95 - -95. Let b(g) be the first derivative of -g**3/3 - g**2/2 + 9*g + 1. What is the units digit of b(q)?
9
Let b(q) = 4*q**2 - 7*q - 5. Let h be b(5). Suppose -3*k + h = -k. What is the units digit of k?
0
What is the tens digit of (-16)/(-12)*(-33)/(-2)?
2
Let y be 1 + (-18 - 1/1). Let o = y + 39. What is the units digit of o?
1
Let z = 435 + -282. What is the hundreds digit of z?
1
Let a = -4 - -6. Suppose r = -a + 5. Suppose m - 3 = r. What is the units digit of m?
6
Let m be 66/16 + (-1)/8. Suppose 0 = -2*z - 4*w + 100, -m*z - w = 71 - 250. What is the units digit of z?
4
Let m = -3 - -9. Let u = m - 3. What is the units digit of (1*4)/(2/u)?
6
Let x = 17 - 12. Let p = x - 2. What is the units digit of p?
3
Let g(o) = o**2 + 8*o + 5. Let j be g(-5). What is the units digit of -1*(-4)/j*-10?
4
Let a = 51 - -58. What is the tens digit of a?
0
Let a = 2 - 0. Let r = 0 + 3. Suppose -a*p + r*p = 1. What is the units digit of p?
1
Let p = -29 + 160. Suppose 5*m = p - 16. What is the tens digit of m?
2
Let v(p) = p**2 - 5*p - 8. Let n be v(7). Let m = 26 - n. What is the units digit of m?
0
Let n(h) be the second derivative of -1/4*h**4 + 0 - 1/20*h**5 + 1/2*h**2 - 1/3*h**3 - 2*h. What is the units digit of n(-3)?
7
Let f(p) = p**3 + 12*p**2 - 30*p - 1. What is the units digit of f(-12)?
9
Let g = -16 + 58. Let a = g - 13. What is the units digit of a?
9
Suppose 4*p - 4*t = 20, -4 = 4*t - 0. Suppose -2 = 3*l - k, -l + 0*l = -p*k + 8. Suppose l = -w - w + 14. What is the units digit of w?
7
What is the units digit of (6/5)/(6/40)?
8
Let u = -17 - -23. Suppose u*i = 5*i + 14. What is the tens digit of i?
1
Let k(w) = -15*w**3 + 2*w**2 + 4*w + 9. What is the units digit of k(-2)?
9
Suppose 0 = 5*k - 13*k + 1232. What is the tens digit of k?
5
What is the units digit of 4/6*-3 - -20?
8
Let r(c) be the first derivative of -c**3/3 + 5*c**2/2 - 4*c - 2. What is the units digit of r(3)?
2
Suppose -3*o - 24 = -0*o. Let d be 3/(1/(-1)) - o. Let g = 2 + d. What is the units digit of g?
7
Let b(j) = j**3 - 2*j**3 - 6*j + 7*j**2 + 8 + 0*j**3. What is the units digit of b(6)?
8
Let p = 9 + -5. Suppose -i - p*i + 80 = -4*v, 2*v = 3*i - 46. What is the units digit of i?
2
What is the units digit of (-1732)/(-18) + 4/(-18)?
6
Let p(n) = -n**2 - 6*n + 1. Let o be -6 - (-1 - -3 - 3). Let u = o - 0. What is the units digit of p(u)?
6
What is the units digit of 9 + (0/2 - 3)?
6
Let s(m) be the first derivative of -m**4/4 - 5*m**3/3 - 3*m**2 - 5*m - 1. Let w be s(-4). What is the units digit of 17/w - (-1)/3?
6
Suppose -48 = -2*a + 104. Let u = -52 + a. Let r = u + -11. What is the tens digit of r?
1
Suppose 5*q - 18 + 4 = w, 4*w + 20 = 2*q. Let p be (-10 - -1)*w/6. Suppose -3 = -a + p. What is the units digit of a?
9
Let u = -15 + 21. Let v be -1 - -3*(-10)/u. Let h = v - -11. What is the units digit of h?
5
Let a be (2 - 6)/((-1)/2). Let g = 3 + a. What is the units digit of g?
1
Suppose 2*g + 2*w + 19 - 81 = 0, 2*w = -5*g + 167. What is the units digit of g?
5
Let v be 2/2 + (-1 - -3). Let g be (-2 - -1) + v + 7. What is the units digit of (-1)/2 + g/2?
4
Let z(i) = i**3 + i - 16. Let f be z(0). What is the tens digit of f/(-10)*(-15)/(-2)?
1
Suppose 2*f - 8 = -2*f. Suppose -f*m - 5 = -7*m. Let h(z) = 9*z - 1. What is the units digit of h(m)?
8
What is the hundreds digit of 3 - ((-270)/2 + 1)?
1
Let x(c) = -4*c + 12. Let l be x(9). Let s = -12 - l. What is the units digit of s?
2
Let l(f) = f**3 + 8*f**2 - 2*f - 8. Let w be l(-7). Suppose -z - 4*z + w = 2*p, 4*z + 25 = 3*p. What is the tens digit of p?
1
Suppose -24 - 24 = -4*b. What is the tens digit of b?
1
Let i(r) = r**2 - 4. What is the units digit of i(-6)?
2
Let n(h) = -h**3 + 7*h**2 - 7*h + 8. Let f be n(6). Suppose -3*d = f*d - 20. Suppose 0 = -d*b + 11 - 3. What is the units digit of b?
2
Let p be (3/2)/(10/(-40)). What is the tens digit of (-50 + 0)/(p + 4)?
2
Let g be (-40)/(-12) - (-2)/3. Suppose 4*f + 11 = -5*q, -4*f = -g*q - 0 + 20. What is the units digit of q?
1
Let s(r) = -10*r - 8. Let u be s(-5). Suppose 0 = 5*b - 53 - u. What is the units digit of b?
9
Suppose 9 = -4*h + 629. What is the hundreds digit of h?
1
Suppose 0 = s - z - 28, -3*s = -6*s - 5*z + 124. Suppose 0 = 4*n - s + 9. Let k = n - -7. What is the tens digit of k?
1
Let f = -113 + 203. Suppose -2*t + 3*s + 36 = 0, -4*t = t - 5*s - f. What is the units digit of t?
8
Let t = -21 + 45. Let j be ((-7)/2)/((-3)/t). What is the units digit of 8/(-12) - j/(-6)?
4
Let k(u) = -u**2 + 5*u + 4. Let r be k(5). Suppose -c - 65 = -r*q, -3*c + 26 = 3*q - 19. What is the tens digit of q?
1
Let u(r) = 2 - 1 + 2*r - 6*r**2 + 5*r - r**3. What is the units digit of u(-7)?
1
What is the units digit of (255/(-20))/((-12)/64)?
8
Let k = -47 + 66. What is the units digit of k?
9
Suppose -3*w - 3*u + 54 = 0, 0*w + 5*u - 48 = -3*w. What is the units digit of w?
1
Let b be 0/(8/4)*1. Suppose 5*k = -b + 10. What is the units digit of k?
2
Suppose -2*y - 64 = -16. Let g = -17 - y. What is the units digit of g?
7
Suppose 0 = -l - 12*l + 65. What is the units digit of l?
5
Let o(h) = h**3 - 7*h**2 + 6*h - 3. Let l be o(7). Suppose -4*a + a + l = 0. What is the units digit of a?
3
Let q = -10 + 7. Let n be 2/(q/18*-3). Suppose -d = -0*d - n. What is the units digit of d?
4
Suppose -j = -d + j - 1, -2*d + 3 = -3*j. What is the units digit of d?
9
Let k = -44 + 197. What is the hundreds digit of k?
1
Suppose -3*p = -p + w + 10, 4*p = -4*w - 12. Let f = p + 9. Suppose 5*j - f*j - 15 = 0. What is the units digit of j?
5
Suppose -225 = -3*n + 3*t, 4*t = -3 + 7. What is the tens digit of n?
7
Let g = -63 + 83. What is the units digit of g?
0
Let n = -1 + 4. What is the units digit of n?
3
Let p = 10 - -11. What is the units digit of p?
1
Let i be -22 - 3 - (1 - 0). Let j = i + 45. What is the units digit of j?
9
Suppose -23 = 4*l + 73. Let j = -17 - l. What is the units digit of j?
7
Suppose 2*d = 5*l - 0*l + 15, 0 = -d - 5*l + 45. What is the units digit of d?
0
Let o be (-